{"id":40088,"date":"2026-02-21T23:28:37","date_gmt":"2026-02-22T04:28:37","guid":{"rendered":"https:\/\/vainapabuena.com\/app\/nuestro-menu\/tacos-de-camaron\/"},"modified":"2026-03-31T12:50:30","modified_gmt":"2026-03-31T16:50:30","slug":"tacos-de-camaron","status":"publish","type":"product","link":"https:\/\/vainapabuena.com\/app\/nuestro-menu\/tacos-de-camaron\/","title":{"rendered":"Tacos de camar\u00f3n"},"content":{"rendered":"","protected":false},"excerpt":{"rendered":"<p>Tortilla<br \/>\n  de ma\u00edz, camarones frescos, repollo, tomate, cilantro, lim\u00f3n, aj\u00ed, crema<\/p>\n","protected":false},"featured_media":0,"template":"","meta":[],"product_brand":[],"product_cat":[282,286],"product_tag":[],"class_list":{"0":"post-40088","1":"product","2":"type-product","3":"status-publish","5":"product_cat-dinner-es","6":"product_cat-menu-nocturno","8":"first","9":"instock","10":"shipping-taxable","11":"product-type-simple"},"aioseo_notices":[],"jetpack_sharing_enabled":true,"_links":{"self":[{"href":"https:\/\/vainapabuena.com\/app\/wp-json\/wp\/v2\/product\/40088","targetHints":{"allow":["GET"]}}],"collection":[{"href":"https:\/\/vainapabuena.com\/app\/wp-json\/wp\/v2\/product"}],"about":[{"href":"https:\/\/vainapabuena.com\/app\/wp-json\/wp\/v2\/types\/product"}],"wp:attachment":[{"href":"https:\/\/vainapabuena.com\/app\/wp-json\/wp\/v2\/media?parent=40088"}],"wp:term":[{"taxonomy":"product_brand","embeddable":true,"href":"https:\/\/vainapabuena.com\/app\/wp-json\/wp\/v2\/product_brand?post=40088"},{"taxonomy":"product_cat","embeddable":true,"href":"https:\/\/vainapabuena.com\/app\/wp-json\/wp\/v2\/product_cat?post=40088"},{"taxonomy":"product_tag","embeddable":true,"href":"https:\/\/vainapabuena.com\/app\/wp-json\/wp\/v2\/product_tag?post=40088"}],"curies":[{"name":"wp","href":"https:\/\/api.w.org\/{rel}","templated":true}]}}